d be g(8). Let u = 1 - d. Suppose 3*k - 83 - 37 = u. Calculate the remainder when k is divided by 14.
12
Let w be (1 - (3 + -1))/1. Let b(c) = -15*c**3 - 2*c**2 - c. Suppose -4*n - 8 = 4, 0 = -5*r + 2*n + 206. What is the remainder when r is divided by b(w)?
12
Suppose -5*c + 0 = 10. What is the remainder when 41 is divided by ((-1)/c)/(3/66)?
8
Let i = 98 + -64. What is the remainder when i is divided by 8?
2
Let l(o) = o**2 + 5*o. Let q be l(-7). Let s = -8 + q. Calculate the remainder when 49/3 - (-4)/6 is divided by s.
5
Let o(q) = q**3 + 4*q**2 - 7*q - 5. Let d be o(-5). Suppose -695 = -5*v - 110. Suppose 0 = 2*i - d*i + v. What is the remainder when i is divided by 20?
19
Let f = 23 - -11. What is the remainder when 132 is divided by f?
30
Let k(d) = d**2 - 8. Suppose 17 = 2*a + 3. Calculate the remainder when k(a) is divided by 21.
20
Suppose -3*p + 140 = 2*p. Let o(b) = -b**3 + 5*b**2 - 2*b + 2. What is the remainder when p is divided by o(2)?
8
Suppose c - 5*f - 7 = 24, 0 = -2*f - 6. Let n(o) = 6*o - 3. Calculate the remainder when c is divided by n(2).
7
Let g be -2*(0 + 49) - -2. Calculate the remainder when 10/(-1)*g/15 is divided by 216/10 + 4/10.
20
Suppose -53 = -4*s - 5*b, -15 = b - 4*b. Calculate the remainder when 16 is divided by s.
2
Let x = 1 + -2. Let p = 4 - x. What is the remainder when 7 is divided by p?
2
Let s(l) = l + 15. What is the remainder when s(-4) is divided by 5?
1
Let l(b) = -b + 5. Let j be l(-7). Suppose 0 = -2*q - 2*q - j. Calculate the remainder when 24 is divided by (10 - q)/((-1)/(-1)).
11
Suppose 0*x - 5*f = -x, 2*f = 3*x - 26. What is the remainder when 68 is divided by x?
8
Let s(p) = p**2 + 10*p + 39. What is the remainder when 88 is divided by s(-7)?
16
Let o = 9 - 6. Let f = 18 - o. What is the remainder when 59 is divided by f?
14
Suppose 1 + 15 = c. What is the remainder when 31 is divided by c?
15
Let g be (-12)/9*(-6)/(-4). Let b be 8*(-3)/(9/3). What is the remainder when ((-41)/(-4))/(g/b) is divided by 11?
8
Let s(z) = -z**3 + 6*z**2 + 3. Let b be s(6). Let p = 16 - b. What is the remainder when 24 is divided by p?
11
Suppose 3*o - 55 = x, -x + 49 = 3*o + 4*x. Let f = 101 + -49. Calculate the remainder when f is divided by o.
16
Suppose 0 = 4*b + b - 180. Calculate the remainder when 70 is divided by b.
34
Let t = -3 - 18. What is the remainder when 20 is divided by 3/(-18)*2*t?
6
Let k(p) = p**2 + p + 10. Let o = 208 + -161. Calculate the remainder when o is divided by k(0).
7
Let c be (-2)/3*(-12)/1. Suppose -f + 12 = 4. Let j = f + c. What is the remainder when 29 is divided by j?
13
Suppose 2*o - 27 = 55. What is the remainder when o is divided by 22?
19
Suppose 2*t = -4*x + 5*x + 12, -5*t + 3*x = -30. Calculate the remainder when 23 is divided by t.
5
Let t(z) be the second derivative of -z**5/20 + 3*z**4/4 - z**3/2 - z**2/2 - z. Let n(g) = 2*g**2 + 3*g. Calculate the remainder when t(8) is divided by n(-4).
19
Let n be (-2)/(-9) + 75/27. What is the remainder when 82 is divided by n - (7 - 1) - -31?
26
What is the remainder when 35 is divided by 0 - (-12 + 0/(12/(-3)))?
11
Suppose -m - 4*v = -10, 12 = m - 4*v - 6. What is the remainder when 40 is divided by m?
12
Let f = -24 + 34. Let g = -2 + f. Calculate the remainder when 19 is divided by g.
3
Let a = 5 - 3. Suppose 2*m + 32 = 4*m - 4*f, 4*m = a*f + 46. Suppose g + 3*g + r - 115 = 0, -4*r + 25 = g. What is the remainder when g is divided by m?
9
Suppose -5*j + 5*u + 150 = 0, 2*j - 36 - 30 = -u. Calculate the remainder when j is divided by 17.
15
Suppose -m + 0*m = -3. Let b = m + 16. Calculate the remainder when 55 is divided by b.
17
Suppose 0 = -w - 1 + 7. Suppose -4*v + w - 2 = 0, 3*l + 5*v - 47 = 0. What is the remainder when 24 is divided by l?
10
Let t(h) = -7*h - 6. Suppose -2*v + 0*v = -m - 28, 0 = 5*v + 2*m - 79. What is the remainder when t(-7) is divided by v?
13
Let x(r) = 2*r**2 - 11*r - 5. Let b(y) = -5*y**2 + 23*y + 11. Let s(o) = 3*b(o) + 7*x(o). Calculate the remainder when s(-3) is divided by 8.
5
Let y(g) = -g**2 - 8*g - 3. What is the remainder when 50 is divided by y(-4)?
11
Let s(h) be the first derivative of 1/2*h**2 - 3 + 11/3*h**3 + 0*h. Calculate the remainder when 22 is divided by s(1).
10
Let t = -2 - -13. Calculate the remainder when t is divided by 4.
3
Let o(h) = -3 - 3*h + 5*h**2 - 2*h**2 + 2*h**2. Calculate the remainder when o(3) is divided by 9.
6
Suppose -4*n - 3*c = -0*n - 227, 3*n - 169 = -c. Calculate the remainder when 6/(-18) + n/6 is divided by 5.
4
Let f(m) be the first derivative of 7*m**2/2 + 8. Let g be ((-3)/6)/(1/(-2)). Calculate the remainder when f(g) is divided by 4.
3
Let o = 1 + 8. What is the remainder when 23 is divided by o?
5
Let f be (-2)/(-9) + 2821/63. Let d = f - -19. Suppose -3*l + d = -4*i, -2*l - 4*i = l - 32. Calculate the remainder when l is divided by 9.
7
Suppose -5*k + 4*k + 8 = 0. What is the remainder when 20 is divided by k?
4
Let d be 80/(-12)*(-36)/15. Suppose -19*p + d*p + 45 = 0. What is the remainder when p is divided by 9?
6
Let b = -4 + 12. Calculate the remainder when 15 is divided by b.
7
Suppose p = 4 - 1. What is the remainder when 38 is divided by (p - (-15)/(-6))*26?
12
Suppose 0 = 3*x + 19 - 61. What is the remainder when 52 is divided by x?
10
Let n = -5 + 5. Suppose n = -3*w + r + 2*r + 54, -2*w - 4*r = -48. Suppose 4*l - 3*z = 44, -6*z + z + 33 = 3*l. Calculate the remainder when w is divided by l.
9
Let q(v) = 3*v**3 - v**2 - v. Let o be q(-1). What is the remainder when (1 - 4)/(o/14) is divided by 4/(6/2 - 2)?
2
Suppose 0 = -0*f + 4*f - 28. Calculate the remainder when 46 is divided by f.
4
Let l(r) = 2*r**3 - 3*r**2 + 3*r - 3. Calculate the remainder when 12 is divided by l(2).
5
Calculate the remainder when (5 + -4)*(15 - 1) is divided by 4.
2
Let t = 3 + 2. Suppose f = 1, -k - f = -t - 0. Calculate the remainder when k is divided by (-35)/(-20) + 1/4.
0
Let p = 38 - 33. Let c = 20 - -11. Suppose 3*r - 6*r = 4*s - c, -s = -p*r - 25. What is the remainder when 29 is divided by s?
9
Suppose 2*o + 6 + 6 = 0. Calculate the remainder when (4/o)/(4/(-138)) is divided by 8.
7
Suppose 4*f = 5*w - 2*w + 44, 5*f + 4*w - 86 = 0. Calculate the remainder when 39 is divided by f.
11
Let j(h) = -h**2 - 10*h + 14. Let t be j(-11). What is the remainder when (0 + t)*(-105)/(-9) is divided by 9?
8
Let l = -3 - -6. Suppose -19 = -l*d + 8. Let a = 3 - -2. Calculate the remainder when d is divided by a.
4
Suppose -y - 551 = -4*u, -2*u + 2*y - y + 277 = 0. Calculate the remainder when u is divided by 28.
25
Let c be 3/2*(2 - -2). Suppose 3*p - c = 2*p. What is the remainder when 10 is divided by p?
4
Suppose i - 2*i = -24. Let f(b) = -b**3 + 5*b**2 + 2*b + 3. Calculate the remainder when i is divided by f(5).
11
Let x = 19 + 2. Calculate the remainder when x is divided by 12.
9
Suppose 0 = 4*g - 49 - 27. Let u = 7 + g. What is the remainder when u is divided by 14?
12
Suppose 10*o - 84 = 7*o. What is the remainder when o is divided by 10?
8
Let r(o) = o**2 + 5*o. Let k be r(-4). Calculate the remainder when 14 is divided by (-5)/(3/(k - -1)).
4
Let i(g) = -g + 18. What is the remainder when 58 is divided by i(-12)?
28
Let s = 4 + 1. Let p(m) = 3*m**2 - m - 2. What is the remainder when p(2) is divided by s?
3
Let d = 4 - -10. Let l = 11 + -6. What is the remainder when d is divided by l?
4
Let j = -25 + 51. Calculate the remainder when j is divided by 9.
8
Suppose 62 = 4*l - 86. Calculate the remainder when 184 is divided by l.
36
Let h = 21 + -2. Suppose 0*j = -j + h. Calculate the remainder when 37 is divided by j.
18
Suppose 4*r = -r + 30. Calculate the remainder when r is divided by 4.
2
Suppose -3*b + 3*o + 87 = 0, -3*b + 134 = -4*o + 43. Let x(q) = q**2 + q + 1. Let j be x(2). Let i = j - -2. Calculate the remainder when b is divided by i.
7
Suppose m = 2*j + 7, -2*j + 4*j = 2*m - 8. Let w(o) = 46*o. Calculate the remainder when w(m) is divided by 16.
14
Suppose 4*h + 11*b = 6*b - 2295, -1137 = 2*h - b. What is the remainder when 2*1*h/(-20) is divided by 15?
12
Suppose 0*o + 2 = -2*o. Let t(j) = -9*j**3 + j**2 + 2*j + 1. Let l be t(-1). What is the remainder when 51*(12/l + o) is divided by 6?
5
Suppose 5*v = 7*v - 14. What is the remainder when 2